t v(w) = 3*c(w) - q(w). What is the tens digit of v(k)?
1
Let h(x) = 4*x. Let q be h(1). What is the tens digit of 2/q - 202/(-4)?
5
Let j(s) = s**2 - 17*s + 16. Let r be j(16). Suppose 4*c - 98 - 30 = r. Let v = c + -28. What is the units digit of v?
4
Let s(u) = 9*u**3 + 8*u**2 - 4*u - 3. Let f(v) = 18*v**3 + 15*v**2 - 6*v - 5. Let r(o) = -3*f(o) + 5*s(o). What is the tens digit of r(-3)?
0
Let l(v) = -v**2 - 9*v**2 + 4*v - 3 + 0*v**3 + v**3 + 0. Let u be l(10). Suppose -p = 2*b - u, p + 0*p - 5*b = 2. What is the tens digit of p?
2
Suppose i + 4466 = 4*w - 7740, 15251 = 5*w + 2*i. What is the thousands digit of w?
3
Suppose u - 2 = 1. Suppose -c = -5*l - 2*c + 326, 0 = l + u*c - 68. What is the tens digit of l?
6
Suppose -943 = -5*a + 147. Suppose 37 + a = 5*y. What is the units digit of y?
1
Let p be -115 + 4/(8/2). Let a = p + 212. Suppose 3*n = 7 + a. What is the units digit of n?
5
Let b be 2 + 1 - 42/14. Suppose b = 7*o - 2*o - 1070. What is the tens digit of o?
1
Let h be -11*1 + (-18)/(-9). Let t(w) = -w**3 - 9*w**2 - 4*w - 1. What is the tens digit of t(h)?
3
Let p(v) = v**3 - 11*v**2 - v + 13. Let f be p(11). Suppose f*i + 2*i - 104 = 0. Let o = -3 + i. What is the units digit of o?
3
Let s = 130 - -25. What is the units digit of s?
5
Let o(c) be the first derivative of 11*c**2/2 + 16*c + 1. Let v be (-23)/(-23)*(-5)/(-2 - -1). What is the tens digit of o(v)?
7
Let v(u) be the second derivative of u**6/144 - u**5/30 - u**4/6 - 2*u. Let m(k) be the third derivative of v(k). What is the units digit of m(6)?
6
Suppose j + 38 - 3 = 4*q, -30 = -2*q - 2*j. What is the tens digit of q?
1
Suppose 0 = 2*i + 4 + 20. Let f = -30 + 36. Let a = f - i. What is the tens digit of a?
1
Let f = -16 + 21. What is the tens digit of (-56)/(-5)*f/2?
2
Let l be ((-12)/(-14))/((-1)/7). What is the tens digit of (2/l)/(-2*1/96)?
1
Suppose 37*p + 7985 = 42*p. What is the tens digit of p?
9
Let d(l) = -l**3 + 15*l**2 + 15*l + 22. Let t be d(16). Let b be (-13)/(-2) - (-3)/t. Suppose -b*k + 6*k = -7. What is the units digit of k?
7
Let h(l) be the first derivative of l**3/3 - l**2/2 + l + 1. Suppose 18 + 12 = 6*v. What is the units digit of h(v)?
1
Let l(h) = 2*h**2 - 5*h + 3. Let n be l(4). What is the tens digit of 5/n + (-1240)/(-6) - -3?
1
Suppose 5*v - 7*v - 530 = 0. What is the units digit of (12/10 - 0)*v/(-2)?
9
Suppose -164*k + 1050 = -158*k. What is the hundreds digit of k?
1
Suppose -k + 210 = 5*n, 32 = n + 4*k + 9. Suppose -m + 40 = 3*l, -l + 4*l + 4*m = n. Suppose 4*z + 8*w - l = 3*w, 26 = 2*z - 4*w. What is the units digit of z?
7
Suppose -2*p - 2*p = -5*o + 55, -3*p = -4*o + 44. Suppose o*g - 6*g = 550. What is the hundreds digit of g?
1
Let q(p) = 4*p - 1. Let o be q(2). Suppose -2*m + o*m = 0. Suppose -4*h = -2*c + 50, -12 = 4*h - m. What is the tens digit of c?
1
Let h(u) = 71*u - 42. What is the tens digit of h(4)?
4
Suppose 557*l - 562*l = -5320. What is the hundreds digit of l?
0
Let d(n) be the third derivative of -n**6/120 + 7*n**5/30 + 3*n**4/4 + 5*n**3/2 - 30*n**2. What is the tens digit of d(15)?
6
What is the units digit of 1*27*11/11?
7
Let s(c) = -c**3 + 12*c**2 + 190. What is the tens digit of s(12)?
9
Let l(c) = 1 - c - 2*c + 5*c. Let y be l(1). Suppose 3*g - 3*n = 9, 8 + 5 = 5*g - y*n. What is the units digit of g?
2
Let l be (2 + (-42)/12)/(6/(-8)). Suppose 250 = l*o + n - 2*n, 125 = o - 2*n. What is the tens digit of o?
2
Let d(t) = t**2 + 24*t + 7. Let y be d(-17). Let u = 156 + y. What is the units digit of u?
4
Let n = -1895 + 2961. What is the thousands digit of n?
1
Let b(x) = -565*x - 93. What is the units digit of b(-4)?
7
Suppose -s + 5*y - 6 = -0, s - 3*y = 0. Let p(r) = r**3 - 6*r**2 - 11*r - 6. What is the hundreds digit of p(s)?
1
Let x be 2 - (-9 - -1)/(-4). Suppose x = 5*v - 134 - 146. What is the units digit of v?
6
Let w = 134 + 226. What is the units digit of w?
0
Let j be 0*((-3 - 0) + 4). Let c(r) = r**2 - r + 30. What is the units digit of c(j)?
0
Let u = 475 + -119. What is the units digit of u?
6
Let n be 20/12 + -2 + 122/6. Suppose 41*t + n = 45*t. What is the units digit of t?
5
Suppose 21990 = 3472*f - 3462*f. What is the tens digit of f?
9
Let v(i) = 14 - 43*i + 79*i - 13*i**2 - 37*i + i**3. What is the units digit of v(13)?
1
What is the units digit of 1859 + 131 - (11 - 1)?
0
Let i(k) = -k**2 + 2*k - 1. Let o = 14 + -13. Let p be i(o). Suppose p = g - 4 - 0. What is the units digit of g?
4
Let d(v) = v**2 - 2*v - 5. Let m be d(-4). Suppose 5*k - 4*w - m = 0, 4*k = -2*w + 25 + 11. What is the units digit of k?
7
Let k = -34 - -36. Suppose 12 = h - k. What is the units digit of h?
4
Let v = 596 + -75. What is the units digit of v?
1
Suppose 0 = 4*j - q - 196, j - 49 = -0*j + 4*q. Suppose -43*w + j*w - 714 = 0. What is the hundreds digit of w?
1
Let c be -1*1 - (-3 - 24). Let a = -94 - -102. Suppose a = 2*j - c. What is the units digit of j?
7
Let d(q) = 8*q + 24. Let k be d(5). Let p = k + -41. What is the tens digit of p?
2
Let p be ((-22)/(-55))/((3/(-10))/3). What is the units digit of (700/(-5))/(-5) + p?
4
Suppose -137 - 301 = -3*w. Suppose 6*n = 8*n - w. What is the units digit of n?
3
Let b be -1*((2 - 3) + 6). Let m = 2 + b. What is the units digit of 56/7 + (m - -1)?
6
Let b(l) = l**2 - 7*l - 11. Let g be b(9). Let q(n) = -10*n. Let x(i) = -5*i. Let k(h) = 3*q(h) - 7*x(h). What is the tens digit of k(g)?
3
Suppose -38*p = -3*p - 3255. What is the units digit of p?
3
Suppose -3*a + 46 = -b, 33 + 10 = 3*a + 2*b. Let k = a - 14. Let i(u) = 7*u**3 - 2*u**2 + u. What is the units digit of i(k)?
6
Let b = -1710 + 1715. Let m = 5 + -1. Suppose b*w - m = 16, 0 = -4*j + 5*w + 244. What is the units digit of j?
6
Suppose -5288 = -3*f + 4*x, -4*f - 3*x + 4*x = -7068. What is the units digit of f?
8
Let j be 2152/(-24) - (-1)/(-3). Let t = -41 - j. What is the tens digit of t?
4
Let p(t) = -3*t**2 - 6*t - 6. Let a be p(-4). Let o = 68 + a. What is the tens digit of o?
3
Suppose 5*w + 2 = 2*u - 8, 4*w = -5*u - 8. Suppose -4*i + i + 18 = u. Suppose 5*v + 10 = 0, -2*c = 2*c + 5*v + i. What is the units digit of c?
1
Suppose 315 = 5*p + n - 6*n, -n = p - 65. Let u = -62 + p. What is the units digit of u?
2
Suppose -313 = -2*v - 5*y - 0*y, 0 = 5*v - 2*y - 797. What is the units digit of v?
9
Let s(j) = -j - 1. Let z(y) = 10*y + 6. Let m(t) = -3*s(t) - z(t). What is the tens digit of m(-6)?
3
Suppose -1539*t + 8985 = -1534*t. What is the units digit of t?
7
Let z = -137 + 1707. What is the thousands digit of z?
1
What is the thousands digit of 2328 + 1 + (-11)/(44/20)?
2
Suppose 7*s - 3710 = -0*s. What is the hundreds digit of s?
5
Let m be 4 - (0 - (-1 + -1)). Suppose 28 = 3*h + 4*x, -2*x + 20 = -0*h + m*h. What is the units digit of h?
2
Let h = -23 + 252. What is the tens digit of h?
2
Let x be 1/(-4*(-3)/48). Let f be (-2)/5 - (714/(-30))/7. Suppose 5*k - 2*j = 13, -2*j = f*k - 7*j - x. What is the units digit of k?
3
Let q = 17 - 13. Suppose -5*b + 4*m + 3 = -3, -5*b - q*m = -14. What is the units digit of b?
2
Let i = -11 - -13. Let t be (112 + -3)/((-4)/(-2) + -1). Suppose 0 = -4*j - i*a - t + 363, 4*j - 5*a - 261 = 0. What is the units digit of j?
4
What is the tens digit of 6/(21/(-6) + 2) + 423?
1
Suppose -142 = 3*j - 16. Let w = j + 63. What is the tens digit of w?
2
What is the hundreds digit of (21 + -53)/(2/(-55))?
8
Suppose 6*a - 9*a - 15 = 0, 5*f + a - 315 = 0. What is the units digit of f?
4
What is the hundreds digit of (6825/20 + 0)*8/2?
3
Suppose 21447 = 77*z - 135941. What is the hundreds digit of z?
0
Let j(z) = -z - 13. Let b be j(-13). Suppose 4*l - 245 + 5 = b. What is the units digit of l?
0
Let b = 53 - 21. Suppose y - v = b, -y + 65 = y - v. What is the units digit of 4 + y - -4 - 4?
7
Let a(r) = -r**3 - 4*r**2 - 2*r - 3. Let v be a(-4). Let c = 12 - v. Let d = c + -1. What is the units digit of d?
6
Let l(m) be the second derivative of m**5/20 + 3*m**4/4 - 4*m**2 - 24*m. What is the units digit of l(-5)?
2
Let x(r) = -3*r**2 - 31*r - 6. Let n be x(-10). Let b be (-816)/(-14) + 2/(-7). Suppose n*l = 234 - b. What is the tens digit of l?
4
Suppose -4*r = -4*h + 68, 7*r = -4*h + 2*r + 32. Let v = h + -10. Suppose -v*b - 15 + 99 = 0. What is the tens digit of b?
2
Suppose -26*x +